?
5
Let g(a) = 2*a**2 - 6*a + 3. Suppose -8*f = -5*f - 30. Let m be g(f). Calculate the greatest common divisor of m and 13.
13
Let u(d) = 59*d**2 - d - 1. Let z be u(-3). Let f be (-1)/4 - z/(-4). What is the highest common factor of f and 19?
19
Suppose -5 = 2*f - 3*w, -4*w - 6 + 18 = 0. Suppose 2*m = o + 16, -f*o + 18 = m - 0*o. Calculate the highest common divisor of m and 50.
10
Suppose 2*c - 47 = 81. Let x(a) = a**2 - a - 2. Let j be x(-2). Suppose -43 - 17 = -j*o + 4*k, 0 = 3*k - 3. Calculate the highest common factor of c and o.
16
Let o(k) = 7*k - 2. Let c be o(1). Let i(u) = -u**3 - 3*u**2 + 3*u. Let l be i(-5). Calculate the highest common factor of l and c.
5
Let a(w) = -w**3 + 7*w**2 - 6*w + 5. Let i be a(6). Calculate the highest common divisor of 5 and i.
5
Let q(y) = 26*y**2 + y + 1. Let h be q(-1). Calculate the greatest common factor of 26 and h.
26
Suppose 91 = -d + 2*d + 2*l, -285 = -3*d - 3*l. Calculate the greatest common factor of d and 11.
11
Let f(m) = 2*m - 2. Let k be f(2). Suppose 2*y = 7*y. Suppose y = 5*h + 1 - 6. What is the highest common factor of k and h?
1
Let c(w) = -w**3 + w + 18. Let h = -13 - -13. Let f be c(h). Calculate the highest common divisor of 45 and f.
9
Let v = 89 - 64. Suppose 5*w + 0 = v. Suppose 2*r - 245 = -w*p, r = 2*p - r - 98. What is the highest common divisor of p and 7?
7
Let a = 529 - 284. Let k = 7 - 2. Suppose -5*j = -5*p - a, 2*j = j - k*p + 25. What is the highest common factor of j and 18?
9
Let g(o) = -o**2 - 13*o - 14. Let r be g(-11). What is the greatest common factor of r and 2?
2
Suppose 0 = 3*m - m - 10. Suppose -m*c = 4*w - 17, c + w = 3 - 0. Calculate the greatest common divisor of c and 2.
1
Let u(y) = -y. Let x be u(0). Suppose c - 4*c + 54 = x. Let d(a) = -4*a - 2. Let m be d(-5). Calculate the highest common divisor of c and m.
18
Let g(r) = 16*r**2 + 2*r + 2. Let c be g(-1). Calculate the highest common factor of 4 and c.
4
Let i = -2 + 2. Suppose -p + 5*o + 14 = i, -p - 2*p - 4*o = -4. Let b be (1 + 1)/(2/4). Calculate the greatest common divisor of p and b.
4
Let t be (-1 + 40)*28/12. Let i be 11 + (4 - (1 + 1)). What is the greatest common factor of t and i?
13
Let y be (-1)/2 - (-13)/((-104)/(-1764)). What is the highest common factor of 20 and y?
20
Let g(n) = -2*n - 14. Let l be g(-12). What is the highest common factor of l and 50?
10
Let c be 89/4 + (-15)/60. What is the greatest common factor of c and 44?
22
Let l = -13 - -25. What is the greatest common factor of l and 18?
6
Let u = -3 - -4. Suppose -p + u = 3*v + 17, 2*p = 2*v - 24. Let g be (-2)/(-5) + p/(-5). What is the greatest common divisor of 3 and g?
3
Suppose -j + 9 + 2 = 0. Let d = 22 - j. Let t be 2/3 + 361/3. Calculate the greatest common factor of d and t.
11
Suppose 0*o = 3*o + 3*d - 57, -39 = -3*o + 3*d. Calculate the greatest common factor of o and 80.
16
Let j be 7*(0 - 150/(-35)). Calculate the greatest common divisor of j and 12.
6
Let w = -2 + 5. Let b = w + -2. Let r = b - -3. Calculate the greatest common factor of r and 10.
2
Suppose 5*b = 287 + 43. Calculate the greatest common factor of 99 and b.
33
Suppose -w - w + 26 = 0. Suppose -160 = -2*a + 22. Calculate the greatest common divisor of a and w.
13
Let s = -11 - -15. Suppose -4*k + 36 - s = 0. Let w(g) = -37*g - 2. Let l be w(-2). Calculate the highest common factor of l and k.
8
Suppose 5*p = 2*g + 19, -2*p + 22 = 3*g + g. Suppose 5*t + 3*x + x - 75 = 0, 0 = -g*t - 4*x + 53. Calculate the highest common divisor of t and 44.
11
Let t = 36 - 18. Calculate the highest common divisor of t and 12.
6
Let t = 20 + -7. What is the greatest common factor of 26 and t?
13
Let j = 17 - 13. Suppose b + j*d = 24, 6*b - 76 = b + 2*d. What is the highest common factor of 128 and b?
16
Let g(h) = h**2 + h - 4. Let x = -17 + 11. Let s = 1 + x. Let v be g(s). What is the greatest common factor of 4 and v?
4
Suppose -4*a + 2*w = -2*w - 44, 5*a = 4*w + 54. Let t be 30*-9*-1*1. Suppose -6*v = -3*v - t. What is the highest common divisor of a and v?
10
Suppose 4*y - 45 = -3*z, -10 = -2*z - 0*y + 4*y. Suppose 6*t - 4 = 4*t. Suppose -3 = -o, 7*d = t*d - o + 223. Calculate the highest common factor of z and d.
11
Let l(k) = k**2 + k + 19. Let s be l(0). Calculate the greatest common factor of 209 and s.
19
Let j(y) = y**3 + 10*y**2 - 12*y + 5. Let d be j(-11). Suppose -5*a = -5, -d + 5 = 3*k + a. Let t = k + 5. Calculate the greatest common factor of t and 9.
1
Suppose t - 31 = -5*z, 19 = 3*z - 2*t + 3. Let i be (3/(-2))/(z/(-16)). Calculate the highest common divisor of i and 8.
4
Suppose -2*z - 4 = -0*z - 2*x, 0 = x + 1. Let o be ((-6)/(-9))/(2/z). Let u be ((-60)/14)/(o/7). What is the greatest common divisor of u and 12?
6
Suppose 0 = -k + 4*i - 6*i + 11, 32 = 4*k + 4*i. Suppose -5*x + 2*g + 52 = 0, 3*x - 3*g - 17 = 16. What is the highest common factor of k and x?
5
Suppose l + 10 = 4*z, -4*z + 13 = 1. Suppose 5 = 3*k + l*k. What is the greatest common divisor of k and 4?
1
Let o be (0 + -12)*3/(-6). Suppose -3*i - o = 9. Let m = 7 + i. Calculate the greatest common divisor of m and 3.
1
Suppose -2*h - 28 - 78 = 0. Let w = h + 77. Suppose 6 = t - 2. What is the highest common divisor of t and w?
8
Suppose 5*r = 39 - 4. Suppose -6*p = -9*p + 9. Suppose 5 = -5*d, 3*d + 388 = 8*o - p*o. Calculate the highest common factor of o and r.
7
Let k(g) = -36*g + 6. Let v be k(-3). Calculate the highest common divisor of 19 and v.
19
Suppose 0 = -2*q + 3*w + 318, w = q + 2*w - 149. What is the greatest common factor of q and 17?
17
Let m(a) = a**3 + 9*a**2. Let t be m(-9). Suppose 19 = u - 3*w, -3*u - w + 3*w + 22 = t. What is the highest common factor of u and 32?
4
Suppose 30 = -3*h + 5*h. Let k be 182/6 - (-3)/(-9). Calculate the greatest common factor of k and h.
15
Let z = -3 - -3. Suppose 2*t + 92 = 3*l - z*l, -4*t = 4*l - 116. Calculate the greatest common factor of l and 6.
6
Suppose 77 - 17 = 5*s. Suppose -6*j = -j + 5, 0 = -v + 5*j + 53. Calculate the greatest common divisor of s and v.
12
Suppose r = 4*i + 24, r - i = 8 + 4. Calculate the greatest common divisor of r and 72.
8
Let h(a) = a**2 - 6*a + 6. Let s be h(-6). What is the greatest common divisor of 26 and s?
26
Let h be (-626)/(-30) + (-13)/((-1365)/14). Calculate the greatest common divisor of 7 and h.
7
Let m(q) = -q**3 + q**2 + q + 6. Let d be m(0). Suppose -18 = -h - 0*h. Let w = 12 + h. What is the greatest common divisor of d and w?
6
Let x = 27 + -19. Let v(c) = -c + 8. Let w be v(6). Calculate the highest common factor of w and x.
2
Let x = 16 + -12. Calculate the greatest common factor of 2 and x.
2
Suppose 6*o = 2*o, 4*o = 4*s - 84. Suppose 2*k + 6 = 16, 4*b + 2*k - 66 = 0. Calculate the greatest common factor of s and b.
7
Let n be (4 + -10)*(-10)/6. Suppose n + 38 = 4*s. What is the highest common factor of 12 and s?
12
Let k = -18 + 26. What is the greatest common factor of k and 64?
8
Let g be (-24 - -74) + 1/2*0. Let u be -2 - (0 + 22)/(-1). Calculate the greatest common divisor of u and g.
10
Let g = 15 - 11. Suppose 0 = g*v + 8, 2*v + 11 = -3*a + 28. Suppose -5*h = -2*t + 3, -4*t + 4*h = -0*t - 36. What is the greatest common divisor of t and a?
7
Let a = -8 + 7. Let z = 25 + a. Calculate the greatest common factor of z and 72.
24
Suppose -5*w = -2*w - 90. Suppose -3*d + w = -33. What is the highest common factor of d and 105?
21
Suppose 67*g - 6 = 64*g. What is the greatest common factor of g and 7?
1
Suppose -13*d + 9*d = -280. Calculate the highest common divisor of d and 28.
14
Suppose 0 = -a + 2*a - 2. Let c = -35 + 49. Calculate the highest common factor of c and a.
2
Suppose -5*j = -25, -4*s = -2*j - 2*j - 36. Suppose -5*q - 3*m = -493, -q + 4*q = 3*m + 291. Calculate the highest common factor of s and q.
14
Let p(c) = -c**3 - 6*c**2 + 6*c - 5. Let h be p(-7). Let z = h + 4. Suppose i - z*i + 450 = 0. What is the highest common factor of i and 15?
15
Suppose 3*o + 3*c = 2*o - 99, 4*c + 495 = -5*o. Let u = -15 - o. Let w(p) = 20*p**2 + 2*p - 1. Let d be w(1). Calculate the greatest common factor of d and u.
21
Suppose -34 + 10 = -3*o. Suppose o + 6 = u. Let w be (3/6)/(1/u). What is the greatest common factor of 77 and w?
7
Let a be (-1 + -3)/(-4)*11. What is th